+ 12 - -1
3
Calculate (8 - 0) + 7 + -8 + -2.
5
-29 - (-3 - (48 - 6))
16
Evaluate -3 + (24 - 7) - 7 - (5 + -2).
4
Evaluate (1 - 1) + 8 + (-46 - -38) - 24.
-24
What is -1 + 12 + -8 + (-4 - -9) + -10?
-2
-16 + -13 + -7 + 11 + 19
-6
Calculate 22 - (-6 + 4) - (17 - (-15 - -24)).
16
What is the value of 18 - (-18 + 8 + (-2 - -13))?
17
What is -33 + 13 + (13 - 9)?
-16
-149 + 181 - (2 + 51)
-21
What is (14 - (-2 + -8)) + -39?
-15
Evaluate (-6 - 0 - (2 + -6)) + 14 + -1.
11
2 + (-8 - (0 + -5)) + (-6 - 5)
-12
Calculate -7 - (16 + (-8 - (57 + -14))).
28
Calculate -6 + 10 + 6 + 2.
12
What is the value of -8 + 3 + (9 - 7) + -11?
-14
Evaluate 973 - 999 - (-10 + -1 - 1).
-14
Calculate -23 + 28 - (-5 - (0 - (3 - 0))).
7
What is 4 + -3 + 1 - (-5 - -9 - 0)?
-2
(31 - 49) + 19 + (-6 - 0)
-5
Calculate 25 - (60 + -35) - (-1 + 14).
-13
-14 + 37 + -8 - 10
5
Evaluate 17 - (-19 + 27 - (-3 + (1 - -1))).
8
Calculate 10 + -1 - (-8 + 11 + 2).
4
-2 - (2 - (-12 + -3))
-19
Calculate (-14 - -1) + (-36 - -61).
12
What is -13 + 4 + (-4 - -5) - 3?
-11
Evaluate -11 - (-4 + (2 - -12) - 18).
-3
Evaluate (-7 - (-61 + 19)) + -28.
7
Evaluate 63 + -28 + -62 + 6.
-21
Evaluate -11 + -4 - -43 - 15.
13
What is 10 + (-30 - (5 + -14))?
-11
What is the value of (-7 - -3 - -12) + -2?
6
What is the value of (-10 - (5 - 11)) + (10 - (-14 - -37))?
-17
What is -13 + -2 + -2 - (-79 + 95)?
-33
Evaluate -1221 - -1209 - (1 - (-2 - -12)).
-3
Evaluate 1 - -4 - (6 + 1 - (2 + 4)).
4
What is -6 + 2 + -10 + (6 - 4) + 3?
-9
What is the value of 1 - 27 - (10 + (14 - 14)) - -9?
-27
Calculate 4 - (-1 + (9 - (5 + 2))).
3
What is (5 - 10 - -10) + (0 - -1 - 0)?
6
What is 0 + (-3 - (2 - 0) - -1) + 8?
4
Calculate -201 + 221 + -1 + -38.
-19
Evaluate -23 - (14 + -37 + 13).
-13
26 - (45 + -26 + -13)
20
What is 409 - 403 - (-1 - (-20 - 0 - 0))?
-13
Evaluate -14 + -11 + 23 - 25.
-27
What is -8 + 2 + (-2 - (-13 + 6 - -1))?
-2
4 - 8 - (-31 - -36)
-9
-28 - -23 - (-2 + 9)
-12
-10 + -3 + 4 + 5 + -6 + -3
-13
What is the value of -5 + (0 - -3) - (1 + -6 + 1)?
2
Evaluate 26 - (10 + -16 + 12 - (1 + -4)).
17
What is the value of (-2 - 0 - (12 - 0) - -8) + 12?
6
Calculate (6 - -8) + -9 + -3 - (3 - 6).
5
Calculate -9 + (8 - 33) + 10.
-24
What is 14 + 11 + 0 + -11?
14
45 + (-4 - (-15 + 25 + -10 + 3))
38
What is the value of -4 + 40 + -20 - 27?
-11
What is -33 - (-40 + 12) - -40?
35
Calculate 0 + -13 + -4 - -34 - 19.
-2
What is 270 + -271 + 1 + -1 + 2 + -5?
-4
What is (8 - (4 + (0 - -3)) - -3) + 13?
17
What is the value of 4 - (3 - (9 - ((12 - -2) + -9)))?
5
What is 29 + 31 + 14 + -84?
-10
Evaluate 6 + (-2 - -22) + -12 + -23 + 26.
17
21 - 12 - (34 + -13)
-12
5 + -4 + -12 + 16
5
Calculate (32 - 7) + (1 - 43).
-17
Evaluate 12 + -5 - 20 - (-2 - 4).
-7
What is the value of 10 - (-2 - (13 - 17))?
8
What is -28 + 8 + (23 - 15)?
-12
Evaluate 7 - -10 - (12 - (16 - 10)).
11
What is the value of -16 + -11 + -4 + 32 + -16?
-15
Evaluate (-49 + -32 - -94) + 0 + -30.
-17
What is -4 + (-1 + 26 - (121 - 107))?
7
What is the value of 6 - ((-4 - -4) + -3)?
9
Calculate -4 + (66 - 53 - (2 + 3)).
4
Calculate (-12 - -2) + -2 - -10 - (4 - -17).
-23
1 + 3 + -10 + 3 - -2
-1
Evaluate 11 - (-16 - (27 - 71)).
-17
What is the value of (2 - (-2 - 7)) + -10?
1
Calculate 2 + -5 + (7 - 5) - -8.
7
Evaluate -27 + -6 + 16 + -11 + 0 + 10.
-18
What is 1 + 6 + (9 - 9) + 10?
17
6 - (7 + 3 - (-10 + 13))
-1
What is the value of 118 + -110 - (33 - (4 - -2 - 4))?
-23
What is the value of -16 + 74 + -39 - 37?
-18
What is the value of 0 + 1 + 0 + (22 - 7 - 8)?
8
(29 - 27) + -12 - (2 - -3)
-15
What is 37 + -36 + -3 + 3?
1
Evaluate -1 - 14 - (33 + (-13 - 1)).
-34
What is -32 + 7 + 7 + -6?
-24
(6 - (-1 + (3 - 1))) + (-352 - -349)
2
Calculate (-1 - (-6 + (0 - -4))) + -12.
-11
Calculate (3 - 0) + 3 - (-43 + 44).
5
Calculate 21 + -5 - -11 - 47.
-20
What is (21 - ((3 - 6) + 15) - 10) + 5?
4
Evaluate -42 + (42 - (0 + 7)).
-7
Evaluate (-39 - -3) + -86 + 101.
-21
-1 + 2 + -268 + 263
-4
Calculate 34 - 26 - 38 - (-11 - 0).
-19
Evaluate (6 - 6) + 7 + -2 + 7.
12
4 - (-18 + 9 + 8 + -12)
17
What is -6 - (17 - 3 - 23)?
3
What is 18 - (-20 + 7 - -24) - 39?
-32
Calculate (-5 - 4) + (1 + -10 - (-7 + 1)).
-12
(3 - 4) + -2 - (45 - 48)
0
What is 10 + -3 + 17 - 10?
14
What is -10 - ((44 - 13) + -42)?
1
Calculate (9 - (-2 - (-16 + (-1 - -8)))) + 4.
6
17 - 4 - (1 - 4) - (-558 + 553)
21
Calculate (-7 - -7) + (-8 - (-2 - -1)) - 22.
-29
What is the value of 7 + -3 + (2 - -1 - 11)?
-4
6 + -18 + 13 - (-3 + -6)
10
11 - ((-33 - -19) + 16)
9
Evaluate -22 + -16 + 43 - (-7 - (-2 - 0)).
10
Evaluate -9 + (-6 - (-9 - 7)) + -16 + 8.
-7
Calculate 180 + -177 - (-3 - (-2 - 4)).
0
Calculate (4 - -1) + (140 - 150).
-5
3 + -3 + 9 - (1 - 5 - 3)
16
-4 - 50 - (46 - 73)
-27
What is the value of -5 + -19 + 15 + 19 + -3 + 0?
7
What is the value of 6 - ((-1 - -1) + -18 + 26 + -21)?
19
(2 - 6 - -5) + 64 + -44
21
Evaluate 3 + 2 + 2 + (24 - 55).
-24
9 + (4 - (7 - (2 + -3))) + -6
-1
What is -4 + -32 - (-4 + -8 - -13 - 2)?
-35
Calculate 28 + (-26 - 5) - ((-2 - -4) + 17).
-22
What is the value of 6 + -23 + 20 + -5?
-2
What is the value of 4 + (-1 - -2) + (-20 - -19) + 9?
13
Calculate 7 + 0 - 7 - -4.
4
What is the value of 0 + 18 + (10 + 1 + -2 - 6)?
21
Calculate -3 + -1 + (-4 + 3 - -3) - -10.
8
What is the value of 8 - (-5 + (30 - 4)) - (10 + -4)?
-19
What is the value of (-11 - -8) + -13 - -14?
-2
What is 31 - (7 - 2) - (11 - (8 - 1))?
22
Calculate -8 - (29 - 19 - (25 + 0 - 5)).
2
Calculate -2 - (38 + -41 - (-7 + 0)).
-6
What is -14 + (-4 - 10 - -16)?
-12
What is -40 + 17 - (8 - 38)?
7
What is the value of 26 + -32 + (1 - 0) + 9?
4
What is the value of 12 - (34 - (20 + -9) - -12)?
-23
(-9 - (1 + -1)) + -251 + 258 - -13
11
What is 0 - 4 - (-86 - -54 - -32)?
-4
What is the value of -3 + 12 + 14 + -22?
1
What is the value of (21 - (-9 - -19)) + -5 + 1 - 4?
3
(5 + -12 + 8 - -37) + -8
30
Calculate 8 - (-3 + -35 + 14).
32
Calculate -11 - (1 - 19 - -4).
3
What is the value of (-1 + 5 - 6) + (5 - 1 - -10)?
12
Calculate 7 + 0 + -9 - (3 - 2) - -8.
5
14 + (7 - (18 + 4))
-1
Calculate -11 + 1 + 12 + -13 + 3 + -6.
-14
Evaluate -21 - (13 + -2 + -22).
-10
What is the value of -15 + (14 - -6) - 9?
-4
-19 + 11 - ((0 - -3) + -4)
-7
0 + 2 + (11 - 17) + (0 - -4)
0
What is the value of 8 + (8 - 2 - 32) + 9?
-9
Calculate -12 + -4 - -15 - (1 + 8).
-10
15 + -2 - (9 + -5) - 8
1
Calculate -5 - (13 + -19) - -11.
12
What is the value of 19 - (16 + -18 + 10)?
11
What is 8 - (5 + -13 + 3) - 4?
9
Evaluate 0 - 5 - -6 - (-9 - -2 - -13).
-5
Calculate 3 - (3 - -23 - 29).
6
What is -7 - 12 - (-2 + 5 + -6 - -2)?
-18
Calculate (2 - (20 + -21 + 11)) + 4 + -22.
-26
What is the value of 6 + ((-7 - (2 - 0)) + 18 - 13)?
2
Calculate -14 - ((4 + -8 - 2) + 11).
-19
What is the value of -46 - -45 - (-4 - 0) - (-1 + 6)?
-2
Evaluate 6 - (-7 + -3 + 9 - (-7 + 3)).
3
What is the value of (-1 - (1 + -15)) + 82 + (5 - 83)?
17
Calculate 8 - (30 + (-2 - 8)).
-12
-9 + 22 + -4 + -20
-11
What is the value of 11 - (-1 - 6 - (-21 - -13))?
10
Calculate 17 + 1 + (-8 - (-5 + (5 - 18))).
28
Calculate (-12 - (11 - 9)) + 26 - (-2 + 6).
8
Evaluate 1 + (-3 - (-4 + 15 + -14)).
1
What is the value of (5 - (-16 - -30) - 15) + (6 - -2)?
-16
-1 + -41 - (-53 + 67 - 26)
-30
Calculate 13 - 11 - (0 + 0 + (12 - 2)).
-8
Evaluate -4 + 2 + 5 - (-36 - -4 - -51).
-16
Evaluate (14 + -5 - 2 - -5) + (0 - 0).
12
Calculate (1 + (-20 - -3) - -16) + -20.
-20
What is 4 - 1 - (63 + -43)?
-17
0 + 2 - 4 - (-11 - (10 + -14))
5
What is -3 - -1 - 6 - -2 - (1 - -4)?
-11
What is the value of -7 + (30 + -14 - 22) + 2?
-11
Evaluate -12 + (19 - 18) + 28.
17
56 + -67 + 13 + (-2 - (0 + 0))
0
What is the value of (1 + -12 - (156 + -177)) + -1 + -5?
4
Calculate (-1 - (11 - 4)) + 8.
0
Calculate 7 + (17 + -19 - 6 - 7).
-8
(41 - -2) + (13 - (9 - 2) - 13)
36
-14 - ((0 - 21) + 6)
1
37 - (-2 - (23 - 36))
26
What is the value of (4 - -45) + -38 + 0 + 3 + 15?
29
What is the value of (-4 - -8) + -9 - -13?
8
Evaluate (-7 + 10 - (-9 - 0)) + (38 - 31).
19
What is the value of 18 + -22 + 15 + 4 - 15?
0
What is -13 + 8 - -7 - ((6 - 3) + -14)?
13
What is the value of 4 + (-10 - -6) + -2 + 11?
9
41 + (27 - 66) + -2 + (-34 - -1)
-33
Evaluate -1 + (1 - 0) + -20 + 15 + -6.
-11
What is (-13 - 21 - 10) + 24?
-20
-7 - -22 - (-14 - -9)
20
What is the value of -7